it of 1156500?
0
What is the ten thousands digit of 63129?
6
What is the millions digit of 2229606?
2
What is the millions digit of 23368690?
3
What is the units digit of 90280?
0
What is the tens digit of 1589802?
0
What is the ten thousands digit of 120211?
2
What is the units digit of 1488930?
0
What is the tens digit of 714575?
7
What is the tens digit of 3236902?
0
What is the tens digit of 2229123?
2
What is the tens digit of 1533968?
6
What is the tens digit of 3577792?
9
What is the hundred thousands digit of 369334?
3
What is the tens digit of 451719?
1
What is the units digit of 40560094?
4
What is the units digit of 175791?
1
What is the hundreds digit of 9936588?
5
What is the tens digit of 2309362?
6
What is the hundreds digit of 2640492?
4
What is the ten thousands digit of 86373?
8
What is the hundreds digit of 661791?
7
What is the hundred thousands digit of 533502?
5
What is the thousands digit of 11176281?
6
What is the hundred thousands digit of 272539?
2
What is the hundreds digit of 2321471?
4
What is the tens digit of 4163888?
8
What is the thousands digit of 169190?
9
What is the thousands digit of 5639744?
9
What is the hundred thousands digit of 146278?
1
What is the ten thousands digit of 936325?
3
What is the ten thousands digit of 3301665?
0
What is the ten thousands digit of 913871?
1
What is the hundred thousands digit of 1845180?
8
What is the thousands digit of 61951?
1
What is the ten thousands digit of 639756?
3
What is the units digit of 5159148?
8
What is the tens digit of 203873?
7
What is the thousands digit of 779919?
9
What is the hundreds digit of 273946?
9
What is the millions digit of 1459283?
1
What is the units digit of 173292?
2
What is the tens digit of 2243850?
5
What is the hundred thousands digit of 657606?
6
What is the hundreds digit of 808716?
7
What is the ten thousands digit of 114707?
1
What is the hundred thousands digit of 358211?
3
What is the hundred thousands digit of 15174300?
1
What is the thousands digit of 1157144?
7
What is the tens digit of 2580355?
5
What is the hundred thousands digit of 5717770?
7
What is the thousands digit of 438726?
8
What is the ten thousands digit of 421593?
2
What is the hundreds digit of 5087838?
8
What is the tens digit of 280366?
6
What is the thousands digit of 972995?
2
What is the hundreds digit of 366621?
6
What is the tens digit of 2362508?
0
What is the millions digit of 7084209?
7
What is the units digit of 85632?
2
What is the ten thousands digit of 24803918?
0
What is the hundreds digit of 1092305?
3
What is the ten thousands digit of 260936?
6
What is the ten thousands digit of 3947871?
4
What is the ten thousands digit of 1180951?
8
What is the millions digit of 5292063?
5
What is the hundred thousands digit of 3844775?
8
What is the tens digit of 121979?
7
What is the units digit of 601173?
3
What is the units digit of 419381?
1
What is the tens digit of 20784098?
9
What is the thousands digit of 440244?
0
What is the hundreds digit of 405488?
4
What is the units digit of 4060350?
0
What is the thousands digit of 809017?
9
What is the millions digit of 10732263?
0
What is the hundreds digit of 576941?
9
What is the hundreds digit of 1423994?
9
What is the hundreds digit of 880761?
7
What is the hundred thousands digit of 382091?
3
What is the millions digit of 2080552?
2
What is the thousands digit of 371726?
1
What is the hundreds digit of 53382?
3
What is the hundred thousands digit of 4632945?
6
What is the thousands digit of 1547725?
7
What is the units digit of 6319379?
9
What is the tens digit of 6794064?
6
What is the hundreds digit of 449611?
6
What is the ten thousands digit of 213653?
1
What is the tens digit of 5725544?
4
What is the tens digit of 9627?
2
What is the hundreds digit of 295367?
3
What is the thousands digit of 8368419?
8
What is the hundreds digit of 15641257?
2
What is the hundred thousands digit of 1060788?
0
What is the tens digit of 124274?
7
What is the ten thousands digit of 204664?
0
What is the units digit of 1786663?
3
What is the tens digit of 188366?
6
What is the tens digit of 319305?
0
What is the ten thousands digit of 3904536?
0
What is the units digit of 1208255?
5
What is the thousands digit of 690045?
0
What is the ten thousands digit of 93521?
9
What is the tens digit of 18699329?
2
What is the hundred thousands digit of 315102?
3
What is the tens digit of 4391171?
7
What is the ten thousands digit of 1666283?
6
What is the thousands digit of 678810?
8
What is the hundreds digit of 295450?
4
What is the hundreds digit of 112059?
0
What is the hundred thousands digit of 7577269?
5
What is the units digit of 1413610?
0
What is the ten thousands digit of 30922273?
2
What is the thousands digit of 640262?
0
What is the ten thousands digit of 665730?
6
What is the ten thousands digit of 128155?
2
What is the units digit of 8580927?
7
What is the hundreds digit of 7605895?
8
What is the hundreds digit of 195666?
6
What is the hundred thousands digit of 872237?
8
What is the units digit of 45573?
3
What is the hundred thousands digit of 560360?
5
What is the tens digit of 2403294?
9
What is the thousands digit of 2045449?
5
What is the hundred thousands digit of 800341?
8
What is the millions digit of 16926642?
6
What is the thousands digit of 263306?
3
What is the thousands digit of 822712?
2
What is the hundred thousands digit of 213567?
2
What is the ten thousands digit of 230122?
3
What is the hundreds digit of 567503?
5
What is the hundreds digit of 7008048?
0
What is the thousands digit of 5618275?
8
What is the ten thousands digit of 194803?
9
What is the ten thousands digit of 128171?
2
What is the tens digit of 5621385?
8
What is the thousands digit of 3335909?
5
What is the millions digit of 1773710?
1
What is the tens digit of 522067?
6
What is the hundred thousands digit of 267998?
2
What is the thousands digit of 6175251?
5
What is the ten millions digit of 10234511?
1
What is the ten thousands digit of 123220?
2
What is the millions digit of 1385565?
1
What is the millions digit of 4119861?
4
What is the hundreds digit of 48841?
8
What is the hundred thousands digit of 765600?
7
What is the ten thousands digit of 69417?
6
What is the ten thousands digit of 307135?
0
What is the ten thousands digit of 210201?
1
What is the hundred thousands digit of 8660379?
6
What is the hundred thousands digit of 11639674?
6
What is the thousands digit of 510930?
0
What is the units digit of 156004?
4
What is the hundred thousands digit of 142850?
1
What is the hundreds digit of 116958?
9
What is the units digit of 222417?
7
What is the hundreds digit of 7176067?
0
What is the ten thousands digit of 13865131?
6
What is the ten thousands digit of 75299?
7
What is the hundred thousands digit of 9466020?
4
What is the hundred thousands digit of 877670?
8
What is the ten thousands digit of 9597701?
9
What is the hundred thousands digit of 1439819?
4
What is the units digit of 624029?
9
What is the hundred thousands digit of 1662351?
6
What is the millions digit of 7536055?
7
What is the thousands digit of 14755650?
5
What is the thousands digit of 19880417?
0
What is the units digit of 1305158?
8
What is the thousands digit of 425962?
5
What is the thousands digit of 180869?
0
What is the thousands digit of 300440?
0
What is the ten thousands digit of 52435?
5
What is the thousands digit of 3487582?
7
What is the tens digit of 302566?
6
What is the ten millions digit of 20288983?
2
What is the hundred thousands digit of 3779045?
7
What is the units digit of 23195?
5
What is the units digit of 916290?
0
What is the thousands digit of 945753?
5
What is the millions digit of 7179627?
7
What is the ten thousands digit of 342121?
4
What is the units digit of 2592297?
7
What is the thousands digit of 5942064?
2
What is the millions digit of 2198701?
2
What is the units digit of 7945153?
3
What is the ten thousands digit of 486457?
8
What is the hundreds digit of 2134308?
3
What is the units digit of 44011?
1
What is the ten millions digit of 19673779?
1
What is the hundreds digit of 817678?
6
What is the ten thousands digit of 1614979?
1
What is the thousands digit of 3266015?
6
What is the hundred thousand